 the prime factors of f?
5, 73
Let z = -37 + 39. List the prime factors of z/(-2 - 480/(-237)).
79
Suppose -34*w - 270 = -39*w. Let n = 64 - w. List the prime factors of n.
2, 5
Let h(x) = -3*x**2 + 44*x - 5. Let w be h(13). Suppose -b + 205 - w = 0. What are the prime factors of b?
5, 29
Let s = 119 - -36. What are the prime factors of s?
5, 31
Let b = -31 - -46. Let j = b + -12. Let c(u) = 7*u**2 - u - 6. List the prime factors of c(j).
2, 3
Suppose 240 = 6*h - 2*h. Suppose p + x = h, -x + 70 = p + 2*x. List the prime factors of p.
5, 11
Let y be 6/10 - 1/(15/(-876)). Let i = 82 - y. List the prime factors of i.
23
Let y = 441 + -126. List the prime factors of ((-14)/(-21))/(3/y).
2, 5, 7
Let q(g) = 2*g**3 - 11*g**2 + 6*g - 8. Let l be q(8). Suppose 0 = d - 3*t + 2*t - 126, 3*d + 3*t = l. What are the prime factors of d?
3, 41
Let r(y) = -y + 9. Let g be (1 - -2) + (-8 - -13). Let l be r(g). List the prime factors of (1 - l) + 6/2.
3
Suppose -c + 7 = -2*q - 0*q, 2*q + 8 = 2*c. Let w(a) = -110*a - 4 + 2*a**2 + 4 + 111*a. What are the prime factors of w(q)?
3, 5
Let f(l) be the third derivative of 1/12*l**5 + 0*l + 1/6*l**4 + 10*l**2 + 1/2*l**3 + 0. List the prime factors of f(-4).
67
Let j(o) = -o**2 - o + 1. Let s be j(-2). Let q be (15/10)/(s/(-4)). Suppose 0 = -2*l + q. List the prime factors of l.
3
Suppose -1645 = 2*x - 9*x. Suppose 0*c = 5*c + 4*w - 263, 0 = -4*c + 5*w + x. What are the prime factors of c?
5, 11
Suppose 5*d = -5*m + 6404 + 12341, -5*m + 18700 = -4*d. What are the prime factors of m?
2, 3, 13
Let z(h) = -h**2 - 5*h + 2. Suppose 0 = -6*y + 3*y - 15. Let d be z(y). Suppose 3*j + 9 = 0, g - 2*j = 14 + d. What are the prime factors of g?
2, 5
Suppose -782 = 5*a - 142. Let l = 78 + a. What are the prime factors of 2/(1*(-4)/l)?
5
Suppose 0 = -8*i + 12*i - 16. Suppose -2*w + 5*w = 5*x + 14, i*w - 13 = x. Let v(f) = 14*f + 2. List the prime factors of v(w).
2, 11
Suppose -2*o = 3*j + 2*j + 103, -5*j = -3*o + 108. Let r be j/(-28)*4*-2. What are the prime factors of r/39 + (-654)/(-26)?
5
Let q(i) = 10*i + 23. Suppose 52 = 4*o - 0. What are the prime factors of q(o)?
3, 17
Suppose -4*u - 2*m = -4, -3*u + 3 = 3*m + m. List the prime factors of (u + (-104)/12)/(2/(-84)).
2, 7, 23
Let w(g) be the third derivative of -3*g**4/4 - g**3/6 - 6*g**2. List the prime factors of w(-3).
53
Suppose w - 10 = -2*l + 4*l, 0 = -2*l - w - 2. Let o be (-12)/4 - 0 - l. Suppose o = 5*r + 3*m - 7, -3*m - m - 14 = -5*r. What are the prime factors of r?
2
Let n(r) = r**3 - 12*r**2 - 12*r - 10. Let g be n(13). Suppose -2*y + 6 - 72 = -5*p, g*p - 46 = -2*y. List the prime factors of p.
2, 7
Let t be (-7)/(-3) - (-6)/9. Suppose -4*l + 2*p + 333 = -3*p, t*l - 249 = 4*p. What are the prime factors of l?
3, 29
Let m be (3/2)/(4/8). Suppose 4*p - 5 = m*p. Suppose -25 = p*n, 5*x - 19 = 2*x - n. What are the prime factors of x?
2
Let c = -56 - -38. Let t = c - -35. List the prime factors of t.
17
Let r be 0*((-10)/4 - -2). Suppose r*p - 5*m = p - 4, 4*m - 14 = p. Let l = 7 - p. List the prime factors of l.
13
Let t = 275 - 243. What are the prime factors of t?
2
Let o = -643 - -398. Let a = -165 - o. What are the prime factors of a?
2, 5
Suppose -12*c - 2965 = -17*c. List the prime factors of c.
593
Let b be 3 - -36*(-12)/(-3). Let p = b + -87. List the prime factors of p.
2, 3, 5
Suppose -78*k = -2265 - 116997. What are the prime factors of k?
11, 139
Let f = 39 + -35. Suppose -h + 2*n + 141 = 0, f*n - 72 - 57 = -h. What are the prime factors of h?
137
Let u be 5 + -2 + 309/3. Suppose -4*g = -8, 3*s + 3*g = -s + u. List the prime factors of s.
5
Suppose -5*i = 3*q - 30, 3*i = 4*q - 12 + 1. Suppose q*g - 2 = 8. Suppose -s - 4 = -2, -5*x + g*s + 74 = 0. What are the prime factors of x?
2, 7
Let c = 42 + -41. Suppose 59 + c = 2*x. What are the prime factors of x?
2, 3, 5
Suppose 456 + 1122 = 2*u. What are the prime factors of u?
3, 263
List the prime factors of (-22 + 8)*(3 - 1239/6).
7, 11, 37
Suppose -2*r + 948 = 2*j, 5*j + 616 - 136 = r. List the prime factors of r.
5, 19
Let u(p) = p**2 + p - 1. Let c(v) = -v**3 + 17*v**2 + 7. Let f(o) = c(o) - 6*u(o). List the prime factors of f(10).
53
Let b(y) = 12*y - 9. Let k(c) = -2*c + 9. Let l be k(3). What are the prime factors of b(l)?
3
Let x be 2/(-3)*3*1*-263. Let d = x + -366. List the prime factors of d.
2, 5
Suppose -j + 2*t + 15 = 0, -j - 5*t - 9 = -3. Let n = 11 - j. Suppose -n*d = -0*d - 54. List the prime factors of d.
3
Suppose 7*m - 2015 = 2*m. List the prime factors of m.
13, 31
Suppose -g - p + 0*p + 38 = 0, 4*g = 3*p + 159. Let l be (6 + 0)*100/30. Let c = g - l. List the prime factors of c.
19
Let j(n) = -n**3 + 5*n**2 - 8*n + 4. Let c be j(3). What are the prime factors of c/(-3)*(-90)/(-12)?
5
Let u = 15 + -12. Suppose 5*i = u + 12. Let r(o) = o**3 - 2*o - 3. List the prime factors of r(i).
2, 3
Suppose 2*r - 6*r + 20 = 4*c, -2*r = 3*c - 11. Suppose -l = 3*i - 5, 0 = -i + 2*i - r*l - 6. Suppose i*f = 20 + 86. List the prime factors of f.
53
Let z(y) = 2*y**3 + 43*y**2 - 73*y - 46. What are the prime factors of z(-22)?
2, 269
Let k = -190 + 259. What are the prime factors of k?
3, 23
Let k(z) = 28*z - 17. Suppose 3*o - 11 = n, 4*n + n + 3*o = 35. List the prime factors of k(n).
5, 19
Suppose 7*g + 2120 - 6649 = 0. Suppose 3*f = 10 + g. List the prime factors of f.
3, 73
Let f be (-14 - -14) + (5 - 1). Suppose -25 = -4*m + 3*m - 5*a, -4*m = f*a - 52. What are the prime factors of m?
2, 5
Let k(t) = t**2 - t + 2. Let l be (-5)/3 + 1/(-3). Let b(x) = -x. Let a be b(l). What are the prime factors of k(a)?
2
Let j = 2970 - 1640. List the prime factors of j.
2, 5, 7, 19
Let g(y) = 7*y**2 + 53*y + 35. Let a(b) = 3*b**2 + 26*b + 17. Let n(z) = 9*a(z) - 4*g(z). List the prime factors of n(16).
109
What are the prime factors of 251625/549 + (-2)/(-9)*3?
3, 17
Suppose a + 15 = 9. List the prime factors of ((-2)/4 - -1) + (-819)/a.
137
Suppose -3*m + 0*z + 5*z + 51 = 0, -4*z + 17 = m. Let c = 97 + m. List the prime factors of c.
2, 3, 19
Suppose 4*q - 12 = -5*d + 8, 5*d - 20 = q. Suppose 4*w = -d*t + 132, -4*w + 132 = -3*t + 8*t. List the prime factors of w.
3, 11
Let s(d) be the second derivative of 7*d**5/5 + d**4/6 - d**3/6 - d. Suppose -4*l - 10*l + 14 = 0. What are the prime factors of s(l)?
29
What are the prime factors of -7 + (1021 - 12/(-6))?
2, 127
Suppose 2 = 3*x - 2*x. Let r(i) = -i**3 + 3*i**2 - 3*i + 3. Let c(a) = a**3 - a + 1. Let b(j) = 3*c(j) - r(j). List the prime factors of b(x).
2, 5
List the prime factors of 1535/(-2*((-6)/12 + 0)).
5, 307
Let b(d) = 10*d**2 + 9*d + 143. List the prime factors of b(-23).
2, 3, 13, 67
Let d(v) = v - 4. Let u be d(9). Suppose -o + u*c + 28 = 0, -42 = -3*o + 2*o - 2*c. Suppose -3*s - 5*i = 1 + 1, 0 = -5*s + 2*i + o. List the prime factors of s.
2, 3
Let x be (510/(-6))/(0 + -1). Suppose -2*t + 3*i + 5 = 2*t, 5*t = -i + 11. Suppose -t*f - x = -7*f. List the prime factors of f.
17
Let o(n) = -99*n. Let q(k) = 1484*k. Let h(z) = 91*o(z) + 6*q(z). Let w be h(-1). Suppose -3*t - w = -8*t. What are the prime factors of t?
3, 7
What are the prime factors of (2 + 9)/((15/(-310))/(-3))?
2, 11, 31
Suppose 56 = j + 2*j + 4*a, 0 = -5*j + 4*a + 40. Suppose -j*v - 40 = -16*v. List the prime factors of v.
2, 5
Let k = 166 - 163. Suppose -3*p = z - 59, z - k*p - 213 = -2*z. What are the prime factors of z?
2, 17
Let b(s) = 438*s - 552. What are the prime factors of b(3)?
2, 3, 127
Let q be (-668)/(-32) + 2/16. Suppose -z = 5*i - q, -3*z + 2*z = 2*i - 9. Suppose -i*o + 51 = -33. List the prime factors of o.
3, 7
Let o(l) = l**3 + l**2 - 3*l + 4. Let n be o(2). What are the prime factors of 924/20 - 2/n?
2, 23
Let q(a) = a**3 - 6*a**2 + 6*a + 1. Let i(r) = -r - 4. Let u be i(-9). Let y = 0 + u. What are the prime factors of q(y)?
2, 3
Let j = -5724 - -8522. What are the prime factors of j?
2, 1399
List the prime factors of (9/(-12))/(27/(-69084)).
19, 101
Let j = 14 + -9. Let z(d) = d - 3. Let m be z(j). List the prime factors of (m/(4/(-22)))/(-1).
11
Let c(r) = 12 - 5 - 7*r - 2. What are the prime factors of c(-6)?
47
Suppose 55*x - 67376 - 136344 = 0. List the prime factors of x.
2, 463
List the prime factors of 85/34 - (-1221)/(-6)*-1.
2, 103
Suppose 0 = -2*g - 3*f - 2*